6, 4*u - t = 169. List the prime factors of u.
43
Let p(d) = d**2 + 2*d - 3. Let x be 7/(-21) - 2/(-6). Suppose -2*l + 3*v = 6, 2*l + l + 5*v - 29 = x. What are the prime factors of p(l)?
2, 3
Let f be (-2)/4 + (-2 - 33/2). Let w(z) = 9*z - 1. Let y be w(4). Let s = f + y. List the prime factors of s.
2
Let u be 8/12 + (-104)/3. Let x = -2 - u. List the prime factors of x.
2
Let o = -23 + 25. Let i(h) = 4*h**o + 4*h**2 + 4*h**2 - 2. What are the prime factors of i(-2)?
2, 23
Let x be (-5)/10 + (-49)/(-2). Suppose 0 = -x*c + 31*c - 651. List the prime factors of c.
3, 31
Let m(a) = -74*a - 263. What are the prime factors of m(-22)?
3, 5, 7, 13
Let z(v) = -v**3 - 16*v**2 - 23*v - 20. Let k be z(-16). Suppose j - k = -j. List the prime factors of j.
2, 3, 29
Suppose -2*q + 6 + 4 = 0. Suppose -q*z = -15, -3*z = -c - 0*c + 7. Let a = c - 8. List the prime factors of a.
2
Let i be 1 - (-496)/(-36) - (-2)/(-9). What are the prime factors of i/((-13)/42) + 1?
43
Suppose -2*g - 7 + 13 = 0. Suppose -g*s + 2*s = -57. List the prime factors of s.
3, 19
Let m(z) = -z - 17. Let i be m(-11). Let d(s) = 2*s + 3 + 2*s - 1 + 3*s**2 - 2*s**2. What are the prime factors of d(i)?
2, 7
Let s(p) = -p + 7. Let o be s(0). Suppose 3*g + 51 = 2*x, 4*x + 3*g + 75 = o*x. Suppose -3*b + n = -39, 4*b = -n + x + 35. What are the prime factors of b?
2, 7
Suppose 4*n = 3*p - p - 4400, 4*p - 8745 = -3*n. What are the prime factors of p?
2, 3, 5, 73
Let b(l) = 43 - 38*l + 47 - 84. List the prime factors of b(-4).
2, 79
Let p(z) = 2*z**2 - 18*z. Let b be p(9). Let r(f) be the second derivative of f**3/6 + 4*f**2 - f. What are the prime factors of r(b)?
2
Let l(p) = -2*p**2 + 7*p - 3. Let z be l(6). Let f be z/(-3)*-2 + -3. Let r = f - -54. What are the prime factors of r?
29
Suppose -4*x = -2*y - 3*y - 46, 2*x - 4*y = 20. Let d be x + 87 - 1*2. Let u = d + -68. What are the prime factors of u?
31
Let y(p) = -p**3 + 2*p**2 + 12*p - 16. Let m be y(-6). Let j be (54/(-8))/((-2)/8). List the prime factors of m/9 + (-6)/j.
2, 11
What are the prime factors of (-2)/3 - (-213552)/216?
2, 13, 19
Let p be ((5 - 9) + 5)/((-2)/48). Let q(u) = u + 96. What are the prime factors of q(p)?
2, 3
Suppose 8*f - 1798 = 6*f. Suppose -10*i + 1 + f = 0. What are the prime factors of i?
2, 3, 5
Let i be -3 - (-2 - -1)*3. Suppose 4*j = 20 - i. Suppose -j*r + 37 = x - 36, 23 = r + 3*x. What are the prime factors of r?
2, 7
Let d be 4/5 + 8/40 - -125. Let i = d + -43. What are the prime factors of i?
83
Let m = -48 + 45. Let f(w) = -2*w**3 - 5*w**2 - 6*w - 6. What are the prime factors of f(m)?
3, 7
Let p = 0 + 0. Suppose p*v + 6*v - 252 = 0. What are the prime factors of v?
2, 3, 7
Let x(v) = -4*v + 14. Let w(g) = -3*g**3 - 2*g**2 + 1. Let t be w(-1). Suppose -t*s - 11 = 1. What are the prime factors of x(s)?
2, 19
Let k = -86 - -91. Suppose k*i = -4*t + 1102, 2*i + 2*t = -t + 438. What are the prime factors of i?
2, 3, 37
What are the prime factors of (3 + -39)/(-4) - -3118?
53, 59
Let v(l) be the third derivative of -l**4/12 + l**3 + 2*l**2. Let d(t) = 6*t - 18. Let r(c) = 4*d(c) + 11*v(c). What are the prime factors of r(10)?
2, 7
Let x(c) = -c**2 - 2*c. Let o(k) = k + 10. Let i be o(-5). Let l be x(i). Let f = 1 - l. What are the prime factors of f?
2, 3
Suppose -3498 = -4*f - 2*j, 4*f = -j + 2955 + 546. Suppose 2*r + 4*z = f, -4*z + 99 = r - 345. Suppose -r = -6*h - 2*h. List the prime factors of h.
2, 3
Let m be 4 - (-445)/((-10)/2). Let z = m - -121. List the prime factors of z.
2, 3
What are the prime factors of 412/((-5 - 153/(-30))*2)?
2, 5, 103
Let a = 1102 - 703. List the prime factors of a.
3, 7, 19
Suppose 4*y = 3*v + 3915, -2*y - 2*y + v + 3921 = 0. List the prime factors of y.
3, 109
Suppose -3*p + 2 = -7. Suppose p - 4 = l. Let n = l - -13. List the prime factors of n.
2, 3
List the prime factors of (-9)/5 + (-114)/95 + 1207.
2, 7, 43
Suppose -4*w = 12, 3*m + 3*w = 5*m - 607. What are the prime factors of m?
13, 23
Let w(p) = -16*p + 2. Let s be w(1). List the prime factors of -2 - 7/(s/108).
2, 13
Let q(u) be the first derivative of 10*u**2 + 8. List the prime factors of q(4).
2, 5
Let t = 9 - 68. Let a = 175 + t. List the prime factors of a.
2, 29
Suppose 4*t - 5*c = -0*c + 27, 2*t + 5*c + 9 = 0. Let y(h) = 1 + 0*h**3 + h**t + 4 - 5*h - 6*h**2. List the prime factors of y(7).
19
Let n(m) = 24*m**2 + 18*m + 12. List the prime factors of n(6).
2, 3, 41
Suppose 4*c - 4*s - 688 = 0, -3*c - 4*s = c - 680. What are the prime factors of c?
3, 19
Let h be 2*(-3)/6 - 1. Let u be 1 + (3 - 0) + h. Suppose -26 = -s - u*x - 2*x, x = 5*s - 193. List the prime factors of s.
2, 19
Let j(c) = c - 6. Let g be j(8). Let i be (-4)/g + -8 + 4. List the prime factors of (-157)/i - 6/36.
2, 13
Let p be 6/(-4)*(2 - 28). Let v = -33 + p. What are the prime factors of v?
2, 3
Let m = 93 + -66. Let r = -15 + m. Suppose c + c = r. List the prime factors of c.
2, 3
Let p = 30 + -31. List the prime factors of (-109)/(0 - -1)*p.
109
Suppose -4*i = -5*s - 17, -12 = -i - 2*i + 3*s. Suppose 3*f + i + 6 = 0. What are the prime factors of (-26)/(-10)*(-15)/f?
13
Suppose 0 = 3*s - 2*m - 5111, 4619 = -8*s + 4*m + 18247. List the prime factors of s.
13, 131
Suppose 0 = -9*x + 7*x + 10. Suppose x*z + 23 = 153. List the prime factors of z.
2, 13
Let g(n) = -2*n**3 - 102*n**2 - 40*n - 42. What are the prime factors of g(-51)?
2, 3, 37
Let r(a) = -a**3 - 3*a**2 - 2*a - 18. Suppose -4*q + 4*s = 32, -7 = -3*s + 2. What are the prime factors of r(q)?
2, 3, 7
Suppose -4*a - 5*v = -5*a + 15, 0 = -3*v - 9. Suppose a = 10*f - 13*f + 204. What are the prime factors of f?
2, 17
Let n be 2/(-4) + (-364)/(-8) + 0. Suppose -2*f + f - 3*d = -n, -5*d + 10 = 0. What are the prime factors of f?
3, 13
Suppose -5*n - 1330 = -4*p, 10*n - 8*n = -2*p + 674. List the prime factors of p.
5, 67
Let i(x) = x**3 + 7*x**2 + 3*x + 9. Let o(a) = a**2 + 6*a + 4. Let z be o(-3). What are the prime factors of i(z)?
2, 11
Let k = -1173 - -1918. List the prime factors of k.
5, 149
Let u = -130 + 130. Suppose -3*p + 3*q + 858 = u, p - 2*q = 229 + 52. What are the prime factors of p?
3, 97
Let i(t) = -3*t**3 + 2*t**2 + t + 3. Let v be i(-3). Suppose 3*s - v = 3*g, -3*s + g + 60 = -37. List the prime factors of s.
2
Let c = -132 + 34. List the prime factors of (((-4)/2 - -1) + c)/(-1).
3, 11
Suppose 3*m - 6358 = -5*u, -11*u + 6360 = -6*u + 5*m. What are the prime factors of u?
31, 41
Let a be 9/18*(1 - 1). Suppose a = m - 5*m. Suppose 96 = 4*l - m. List the prime factors of l.
2, 3
What are the prime factors of ((-1261)/(-39))/((-3)/(-90))?
2, 5, 97
Let r(n) = -n**2 - 6*n + 36. Let c be r(-14). List the prime factors of c/(-1)*3 - -3.
3, 7, 11
Let u(c) = c**2 - 6*c - 12. Let b be u(8). Suppose 5*r - b*r - 37 = 0. List the prime factors of r.
37
Let b be (96/10)/((-21)/(-280)). Suppose -c + 5*i = -8, -2*i = -5*c + i + b. List the prime factors of c.
2, 7
Suppose 0 = 5*l - 0 - 10. Suppose 0 = -q + 3*u + l, -q + u + 2 = 3*u. Suppose -2*b - q*b + 42 = 2*t, 3*t - 59 = -2*b. What are the prime factors of t?
19
Let f = -53 + 22. Let y = 27 - f. What are the prime factors of y?
2, 29
Let u be (-656)/(-22) - (-24)/132. Let m be (u/24)/(3/(-24)). Let b = m + 39. List the prime factors of b.
29
Let l = 404 - 138. What are the prime factors of l?
2, 7, 19
Let b = 7 - 5. Suppose 0*q + b*q = -3*d + 16, 3*q + 4 = -d. What are the prime factors of d?
2
Suppose -9*m - 954 = -12*m - 5*b, 0 = 5*m - b - 1618. What are the prime factors of m?
17, 19
Suppose -3*t = -2*j - 25, -t + 7 + 8 = -2*j. Suppose 0 = -5*l - 2*x + 291, t*x - 207 = -5*l + 78. List the prime factors of l.
59
What are the prime factors of ((-12)/(-9))/(3/450)?
2, 5
Let p(b) = -37*b - 485. List the prime factors of p(-33).
2, 23
Let a(d) be the first derivative of -2*d - 3 + 7/3*d**3 - 1/4*d**4 + 5*d**2. What are the prime factors of a(8)?
2, 7
Suppose 393 = a - 5*v + 7*v, a = 5*v + 393. List the prime factors of a.
3, 131
Let q = -1270 + 2241. List the prime factors of q.
971
Let v(s) = 3*s + 31. Let f be v(-11). List the prime factors of 145 + 1/f + (-3)/(-6).
5, 29
What are the prime factors of (250656/420)/(1 + 4/(-5))?
2, 373
Let k = 2771 - 852. What are the prime factors of k?
19, 101
Let t(k) = k. Let i be 